{"id":2321,"date":"2025-08-26T07:09:06","date_gmt":"2025-08-26T07:09:06","guid":{"rendered":"https:\/\/www.haramaya.edu.et\/cncs\/?page_id=2321"},"modified":"2025-08-26T07:25:57","modified_gmt":"2025-08-26T07:25:57","slug":"meseret-chimdessa-profile-2","status":"publish","type":"page","link":"https:\/\/www.haramaya.edu.et\/cncs\/meseret-chimdessa-profile-2\/","title":{"rendered":"MESERET CHIMDESSA  Profile"},"content":{"rendered":"\n\t\t\t\t<img loading=\"lazy\" decoding=\"async\" src=\"https:\/\/www.haramaya.edu.et\/cncs\/wp-content\/uploads\/sites\/8\/2025\/08\/MESERET-CHIMDESSA-.png\" alt=\"MESERET CHIMDESSA\" height=\"273\" width=\"265\" title=\"MESERET CHIMDESSA\" \/>\n<h3>\n\t\tPROFILE\n\t<\/h3>\n<h3>\n\t\tCONTACT\n\t<\/h3>\n\t<p><\/p>\nPHONE:<br \/>\n+251-938652491<br \/>\nWEBSITE:<br \/>\nEMAIL:<br \/>\nMeseretc2019@yahoo.com<br \/>\nMarakye311@gmail.com<br \/>\nMeseret.Chimdessa@haramaya. edu.et<br \/>\nORCiD: 0000-0001-5474-1515<br \/>\nHOBBIES\n<p>.<\/p>\n<h3>\n\t\tHOBBIES\n\t<\/h3>\n\t<p><\/p>\n\uf0fc\tTravelling and educational tour<br \/>\n\uf0fc\tListening to music<br \/>\n\uf0fc\tWatching comedy shows\n<p>.<\/p>\n<h3>\n\t\t Research Interest                                   \n\t<\/h3>\n\t<p><\/p>\n<p>Plant chemical interactions to abiotic and biotic Environments, ethnobotany, Plant ecology, ecophysiolog, Biodiversity conservation<\/p>\n<p>.<\/p>\n<h3>\n\t\tMESERET CHIMDESSA EGIGU\n\t<\/h3>\n\t<p><\/p>\nAcademic position: PhD, Associate Professor<br \/>\nGender: Male<br \/>\nMarital status: \n<p>.<\/p>\n<h3>\n\t\tEDUCATION\n\t<\/h3>\n\t<p><\/p>\nUniversity of Eastern Finland, Kuopio Campus<br \/>\nPhD in Plant Chemical Ecology (Sep. 2007\u2013Dec. 2011)<br \/>\nAddis Ababa University<br \/>\nM.Sc.in Systematic Botany and Ecology (1998 \u2013 2000)<br \/>\nAddis Ababa University<br \/>\nB.Sc. in Biology1(987 \u2013 1990)\n<p>.<\/p>\n<h3>\n\t\tWORK EXPERIENCE\n\t<\/h3>\n\t<p><\/p>\nHaramaya University, Associate Professor (2016 to present)<br \/>\nHaramaya University, Assistant Professor (2012\u20132015)<br \/>\nLecturer: 2000-2011<br \/>\nTeacher, Secondary School (1991\u20131997)\n<p>.<\/p>\n<h3>\n\t\tSKILLS\n\t<\/h3>\n\t<p><\/p>\n\u2022\tBasic computer skills<br \/>\n\u2022\tSPSS statistical software<br \/>\n\u2022\tEcological field techniques<br \/>\n\u2022\tLeadership\n<p>.<\/p>\n<h3>\n\t\tResearch projects and grants\n\t<\/h3>\n\t<p><\/p>\n\uf0fc\tResearch grant won from Graduate School in Forest Sciences (GsForest) in Finland from January 2011-December 2011 to cover my salary and some expenses for research.<br \/>\n\uf0fc\tNiemi Foundation in Finland. Grant obtained for completion of my research and thesis writing<br \/>\n\uf0fc\tHU research grant on \u2018The use of Human urine as fertilizer for the cultivation of vegetables\u2019\u2019. Research completed, two M.Sc. theses completed and one article published on peer-reviewed journal<br \/>\n\uf0fc\tHU research grant on \u2018Ethnobotanical studies of medicinal plants from Shinille and Jijiga areas. Research completed<br \/>\n\uf0fc\tHU research grant on \u2019Development of indoor aquaculture for production of fish (Tilapia, Oreochromis niloticus). Research completed.<br \/>\n\uf0fc\tHU research grant on \u2018Impacts of UV-B and UV-A radiations on biochemical and growth responses of selected vegetables in Eastern Ethiopia<br \/>\n\uf0fc\tHU research grant on \u2018Production of biofuels from invasive weeds, Prosopis juliflora and Striga hermonthica<br \/>\n\uf0fc\tHU research grant on \u2018Anti-diabetic efficiency of selected medicinal plants in Eastern Ethiopia.<br \/>\n\uf0fc\tHU research grant on \u2018Small scale production of bio-fertilizer (Azotobacter) for rural farmers in Eastern Ethiopia.<br \/>\n\uf0fc\tHU research grant on \u2018Woody species diversity, population structure and regeneration potential of Bakalcha natural forest, West Hararghe Zone, Ethiopia: implication for biodiversity conservation<br \/>\n\uf0fc\tHU research grant on \u2018Ethnobotanical study of wild edible plants at western Hararge, Ethiopia: implication for food security\n<p><\/p>\n<h3>\n\t\tTraining and Professional Development\n\t<\/h3>\n\t<p><\/p>\n               2003                                                  Training on Teaching and Instruction skills organized under<br \/>\n                                                                  The auspices of the International Education Project between<br \/>\n                                                                  Alemaya University and Larensiein University of professional<br \/>\n                                                                  Education\n   2004                                                Training on Higher Education Management organized by MDF<br \/>\n                                                                  Training &amp; Consultancy established in Ede. The Netherlands                                           \n<p>   2007                                                 HDP training                      <\/p>\n<strong>Professional society activities<\/strong>                   : Member of Ethiopian Biological Society<br \/>\n\n<h3>\n\t\tPublications  \n\t<\/h3>\n\t<p><\/p>\n<p>1. Daniel Muleta, <strong>Meseret C. Egigu<\/strong> and Sasikumar J.M. (2025). Measuring polyphenolic contents and antioxidant capacity of M. kummel, a wild edible fruit extracts (Submitted to Heliyon)<\/p>\n<p>2. <strong>Meseret C. Egigu<\/strong>, Daniel Muleta and Sasikumar J.M. (2025). Extracts from the wild edible fruit of Carissa edulis are rich in polyphenols and exhibit strong antioxidant capacity. (Under review by Natural Products and Bioprospecting)<\/p>\n<p>3. Sasikumar J.M., Salahadin Abdella, <strong>Meseret C. Egigu<\/strong>, Jeyaramraja P.R. and Senthilkumar Balakrishnan (2025). Partial Characterization and Antibacterial Activity of Silver Nano-particles Synthesized from Verbena officinalis L. Plant Science Today (accepted). <strong>https:\/\/doi.org\/10.14719\/pst.5061<\/strong><\/p>\n<p>4. Abdulkadir Aliy, Zekeria Yusuf and <strong>Meseret C. Egigu<\/strong> (2025). On-farm Diversity Status, Genetic Integrity, and Production of Common Bean (Phaseolus vulgaris L.). (Under review by Discover Life)<\/p>\n<p>5. <strong>Meseret C. Egigu<\/strong> and Shumete Mogesse (22024). Ethnobotanical study of medicinal plants used to treat human ailments in Oda-Bultum district, west Hararghe zone of Oromia region, Ethiopia. Ethnobotany Research and Applications. 29: 1-35.<\/p>\n<p>6. Dinaol Belina, Tesfaye Gobena, Ameha Kebede, <strong>Meseret Chimdessa<\/strong> and Tine Hald (2024). Genotypic Antimicrobial Resistance Profiles of Diarrheagenic Escherichia coli and Nontyphoidal Salmonella Strains Isolated from Children with Diarrhea and Their Exposure Environments in Ethiopia. Infection and Drug Resistance. 17: 4955\u20134972<\/p>\n<p>7. Zinab Sherafu,<strong> Meseret C. Egigu<\/strong> and Sasikumar J.M. (2024). Floristic Composition, Diversity, and Regeneration of Woody Plant Species of Dabal Forest in Southeastern Ethiopia: Implication for Conservation. Scintifica. Article ID 7414375, 8 pageshttps:\/\/doi.org\/10.1155\/2024\/7414375<\/p>\n<p>8. Dinaol Belinal, Tesfaye Gobena, Ameha Kebede, <strong>Meseret Chimdessa<\/strong>, Bahar Mummed, Cecilie A.N.T. and Tine Hald (2024). Occurrence and diversity of Campylobacter species in diarrheic children and their exposure environments in Ethiopia. PLOS Global Public Health | https:\/\/doi.org\/10.1371\/journal.pgph.0003885<\/p>\n<p>9. Ibsa Adem, Zekeria Yusuf &amp; <strong>Meseret Chimdessa<\/strong> (2024). On farm diversity and genetic erosion of sweet potato [Ipomoea batatas (L.) Lam.] On farm diversity and genetic erosion of sweet potato [Ipomoea batatas (L.) Lam.]. International Journal of Vegetable Science. DOI: 10.1080\/19315260.2024.2359484<\/p>\n<p>10. Tesfaye Gobena, Dinaol Belina, Ameha Kebede, <strong>Meseret Chimdessa<\/strong>, Abduleziz Jemal, Chafe Husen and Tine Hald (2024}. Foodborne Bacterial Pathogens in Animal, Food, and Environmental Samples Collected From the Physical Exposure of Children With Diarrhea in Ethiopia: A One Health Approach. Environmental Health Insights. 18: 1\u201312<\/p>\n<p>11. Yiftusira Alemayehu, <strong>Meseret Chimdesa<\/strong> and Zekeria Yusuf (2024). Allelopathic Effects of Lantana camara L. Leaf AqueousExtracts on Germination and Seedling Growth of Capsicum annuum L. and Daucus carota L.Scientifica.  article ID 9557081, 9 pages https:\/\/doi.org\/10.1155\/2024\/9557081<\/p>\n<p>12. Andarge Zelalem, Tafesse Koran, Kebede Abegaz, Zelalem Abera, Bahar Mummed, Abebe Olani, Abde Aliy, <strong>Meseret Chimdessa<\/strong>, Selam Fentahun, Carla L Schwan , Jessie L Vipham (2024). Hygienic status of beef butcher shop facilities and antibiotic resistance profile of Salmonella enterica in Ethiopia. Brazilian Journal of Microbiology. 55(2):1703-1714<\/p>\n<p>13. Abdulaziz Abrahim, Muhidin Tahir, J.M. Sasikumar, Misrak Kebede, <strong>Meseret C. Egigu<\/strong> and Amin Mohammed Yones (2024). Antibacterial activity of essential oils from Eucalyptus camaldulensis Dehn. and Eucalyptus tetragona F.Muell. Pharmacological Research &#8211; Natural Products. DOI: 10.1016\/j.prenap.2024.100033<\/p>\n14. Kassa Baye, Ameha Kebede,<strong> Meseret Chimdessa<\/strong>, Wassu Mohammed Fassil, Assefa, Mesfin Tafesse (2024).<br \/>\nMulti-trait plant probiotic bacteria improved growth and nutrient uptake of potato (Solanum tuberosum L.) varieties in Eastern Ethiopia. International Journal of Natural and Engineering Sciences. 8(3): 195-212.\n<p>15. Mulugeta Mekonnen, Ameha Kebede, <strong>Meseret C. Egigu<\/strong> and Manikandan Muthuswamy (2024). Efficiency of Indigenous Soil Rhizobia on Growth Performance of theCommon Bean (Phaseolus vulgaris L.). Malaysian Journal of Soil Science. 8: 53-62<\/p>\n<p>16. Yehuala Alemneh and <strong>Meseret Chimdessa<\/strong> (2023). Screening and Evaluation of Plant Growth Promoting Rhizobacteria fromPotential Bread Wheat (Triticum aestivum L.) Rhizospheric Soil at Lemo Woreda, Southern Ethiopia  Advances in Crop Science and Technology. 11: 633.<\/p>\n<p>17. Dinaol Belina, Tesfaye Gobena, Ameha Kebede, <strong>Meseret Chimdessa<\/strong>, Yonas Hailu and Tine Hald. (2023). Occurrence of Diarrheagenic Pathogens and Their Coinfection Profiles in Diarrheic Under Five Children and Tracked Human Contacts in Urban and Rural Settings of Eastern Ethiopia. 16:1-11.<\/p>\n<p>18. Sasikumar JM, Sibbala Subramanyam, K.N. Jayaveera, Nafyad Ibrahim Batu and <strong>Meseret C. Egigu<\/strong> (2023). Secondary Compounds Profile and Bioactive Properties of Sesbania sesban (L.) Merr. In book: Bioactives and Pharmacology of Legumes<\/p>\n<p>19. Likyelesh Gebreyohannes, <strong>Meseret C. Egigu<\/strong>, M. Manikandan, and J. M. Sasikumar. (2023). Allelopathic Potential of Lantana camara L. Leaf Extracts and Soils Invaded by It on the Growth Performance of Lepidium sativum L. Scientific World Journal. 2023, Article ID 6663686, 6 pageshttps:\/\/doi.org\/10.1155\/2023\/6663686<\/p>\n<p>20. Diriba Deressa, <strong>Meseret C<\/strong>. Egigu and J.M. Sasikumar (2023). Population Structure and Regeneration Status of Woody Plant Species in Tulu Korma Dry Afromontane Forest, WestShewa Zone, Oromia, Ethiopia. Scientifica. Article ID 9964663, 9 pages https:\/\/doi.org\/10.1155\/2023\/9964663<\/p>\n<p>21. Meskerem Bogale, J.M. Sasikumar and <strong>Meseret C. Egigu<\/strong>. An ethnomedicinal study in Tulo district, west hararghe zone, Oromia region, Ethiopia (2023). Heliyon. 9: e15361<\/p>\n<p>22. Shibiru Temesgen, J. M. Sasikumar and <strong>Meseret C. Egigu<\/strong> (2022). Effect of Extraction Solvents on Total Polyphenolic Content and Antioxidant Capacity of Syzygium aromaticum L. Flower Bud from Ethiopia. BioMed Research International. 2022, Article ID 4568944, 9 pageshttps:\/\/doi.org\/10.1155\/2022\/4568944<\/p>\n<p>23. Kedir Adem Usman, <strong>Meseret C. Egigu<\/strong> and J.M. Sasikumar (2022). Ethnobotanical study on traditional medicinal plants used by Oromo ethnic people of Goro district, Bale zone of Oromia region, Ethiopia. Ethnobotany Research and Applications. 24:8 <\/p>\n<p>24. Amare Desalegn, <strong>Meseret C. Egigu<\/strong> and Sasikumar J.M. (2022). Ethnobotanical study on medicinal plants used by ethnic people of Gechi District, South West Oromia, Ethiopia. Nusantara Bioscience. 14: 104-116.<\/p>\n<p>25. Girmay Mekonen1, <strong>Meseret Chimdessa Egigu<\/strong>,, Manikandan Muthsuwamy (2022). In vitro Propagation of Banana (Musa paradisiaca L.) Plant Using Shoot Tip Explant. Turkish Journal of Agriculture &#8211; Food Science and Technology, 9(12): 2339-2346.<\/p>\n<p>26. Dereje A. Oncho, <strong>Meseret C. Egigu <\/strong>and Olyad E. Urgessa. (2021). Phytochemical constituent andantimicrobial properties of guava extracts of east Hararghe of Oromia, Ethiopia. Clinical Phytoscience. 7:37.<\/p>\n<p>27. <strong>Meseret C. Egigu<\/strong>, Birhanemeskel Melak, Ameha Kebede and Manikandan Muthuswamy. (2014). Use of Human Urine as Fertilizer for Vegetable Cultivation. International Journal of Agriculture and Innovation Research. 3:254-258<\/p>\n<p>28. Teame Gebrekidan, <strong>Meseret C. Egigu<\/strong> and Mannikandan Muthuswamy (2014). Efficiency ofb biogas production from cactus fruit peel co-digestion with cow dung. International Journal of Advanced Research 2:916-923.<\/p>\n<p>29. Satyan R.S., Malarvannan S., <strong>Meseret C. Egigu<\/strong> and Ajay P. (2014). Pentacyclic Triterpenoids and a Linear Alkane from the Milky Mangrove Tree (Excoecaria agallocha L.) are toxic to the larva of Helicoverpa armigera Hubner. (Lepidoptera:Noctuidae). International Journal of Advanced Research. 2:1-12.<\/p>\n<p>30. Satyan R.S. and <strong>Meseret C. Egigu<\/strong>. (2014). Field evaluation of a botanical formulation from the milky mangrove (Excoecaria agallocha L.) against Helicoverpa armigera Hubner. in Abelmoschus esculentus (Lady\u2019s Finger) and Cajanus cajan (Pigeon Pea). Asian Pacific Journal of Tropical Biomedicine.7S1:S171-6. Elsevier.<\/p>\n31. <strong>Meseret C. Egigu<\/strong> and Mekonnen Abebe. (2014). Ethnomedicinal use of plants from Gololcha<br \/>\ndistrict, Bale zone of Oromiya region Ethiopia. The Journal of Ethnobiology and Traditional<br \/>\nMedicine.121:773-786.\n32. <strong>Meseret C. Egigu<\/strong>, Mohamed A. Ibrahim, Johanna Riikonen, Asha Yahya, Toini Holopainen,<br \/>\nRiitta Julkunen-Tiitto &amp; Jarmo K. Holopainen. (2014). Effects of rising temperature on secondary compounds of Yeheb (Cordeauxia edulis Hemsley). American Journal of Plant Sciences 5: 517-<br \/>\n527.\n33. <strong>Meseret C. Egigu<\/strong>, Mohamed A. Ibrahim, Asha Yahya &amp; Jarmo K. Holopainen. (2010). Yeheb<br \/>\n(Cordeauxia edulis) extract deters feeding and oviposition of Plutellaxylostellaand attracts its natural enemy. Biocontrol 55: 613 \u2013 624.\n34. Mohamed A. Ibrahim, <strong>Meseret C. Egigu<\/strong>, Anne Kasurinen, Asha Yahya, &amp; Jarmo K.<br \/>\nHolopainen. (2010). Diversity of volatile organic compound emissions from flowering and<br \/>\nvegetative branches of Yeheb, Cordeauxia edulis:(Caesalpiniaceae), a threatened evergreen<br \/>\ndesert shrub. Flavour and Fragrance Journal 25: 83 \u2013 92\n35. <strong>Meseret C. Egigu<\/strong>, Mohamed A. Ibrahim, Asha Yahya &amp; Jarmo K. Holopainen. (2011).<br \/>\nCordeauxia edulis and Rhododendron tomentosum extracts disturb orientation and feeding<br \/>\nbehavior of Hylobius abietis and Phyllodecta laticollis. Entomologia Experimentalis et Applicata 138: 162\u2013 174.\n<p>36. Animut Assefa, <strong>Meseret C. Egigu <\/strong>and Ameha Kebede.(2014). Chemical and thermal pretreatments of cow dung and poultry litter enhance biogas production in batch fermentation. International Journal of Scientific &amp; Technology Research. 3:165-167<\/p>\n<p>37. Tollosa Duguma, <strong>Meseret C. Egigu<\/strong> and Manikandan M. (2015). The effects of gibberellic acid on quality and shelf life of banana (Musasp.). International journal of current research and review.6:68-74<\/p>\n<p>38. Tollosa Duguma, <strong>Meseret C. Egigu<\/strong> and Manikandan M. (2015).  The effects of salysilic acid on quality and shelf life of banana (Musa sp.). International Journal of Green and Herbal Chemistry<\/p>\n39. Sasikumar J. M., Ceolho P.R, and <strong>Meseret C. Egigu<\/strong>. 2015. In vitro analysis of antioxidant<br \/>\ncapacity of Indian yellow raspberry (Rubus ellipticus Smith). International Food Research Journal. 22(4):1338-1346\n40. <strong>Meseret C. Egigu<\/strong>, Mohamed A. Ibrahim, Silvia Ribeirode Souza, Johanna Riikonen, Minna<br \/>\nKivim\u00e4enp\u00e4\u00e4, Asha Yahya, Toini Holopainen, Riitta Julkunen-Tiitto &amp; Jarmo K. Holopainen. Physiological, ultrastructural, antioxidant and secondary metabolite responses of theevergreen desert shrub Cordeauxia edulis to elevated ozone concentrations. (Submitted)\n41. Addisu Tegegn, <strong>Meseret C. Egigu<\/strong> and Bekele Hundie (2016). Efficacy of Pepper Tree (Schinus molle) Extracts to Suppress Growth of Botrytis fabae and Manage Chocolate Spot Severity on Faba<br \/>\nBean (Vicia faba) at Sinana, Bale Zone, Southeastern Ethiopia. East African Journal of Sciences.10:111-118.\n42. Duguma Dibbisa, <strong>Meseret C. Egigu<\/strong> and Manikandan M. (2016). Delaying postharvest fruit<br \/>\nripening of tomato (Lycopersicon esculentum mill.) gibberellic acid. International Journal of Current Research\n43. Sasikumar JM., Olyad Erba and <strong>Meseret C. Egigu<\/strong> (2020). In vitro antioxidant activity and<br \/>\npolyphenolic content of commonly used spices from Ethiopia. Heliyon 6 (2020) e05027. Elsevier.\n44. Mulugeta Hailu, <strong>Meseret Chimdessa<\/strong> and Manikandan Muthswamy (2018). In Vitro<br \/>\nPropagation of Selected Sugarcane (Saccharum officinarum L.) Varieties (C 86-165 and C 86-12) Through Shoot Apical Meristem. International Journal of Horticulture &amp; Agriculture.3:1-7.\n45. Genene G., Mekonin W., <strong>Meseret C. Egigu<\/strong>, Manikandan M. and Tigist M. (2018). Protocol<br \/>\noptimization for in vitro propagation of two Irish potato (Solanum tuberosum L.) varieties<br \/>\nthrough lateral bud culture. African Journal of Plant Sciences. 12:180-187.<br \/>\nOlyad Erba, Dereje Atomssa,\n46. <strong>Meseret C. Egigu<\/strong> and Teshome Gonfa (2020). Determination of  Flavonoid contents and evaluation of in vitro antioxidant activities of the extract of selected<br \/>\ncitrus fruit peel. International Journal of secondary Metabolite. 7:8-18.\n<p>47. Tigist Beyene and <strong>Meseret C. Egigu<\/strong> (2020). <strong>Striga hermonthica<\/strong> (Del.) Benth has dual negative effect on its host Sorghum bicolor (L.) Moench. Turkish Journal of Agriculture-Food Science and Technology. 8:165-170.<\/p>\n<p>48. Adissu Tegegne, <strong>Meseret C. Egigu<\/strong> and Bekele Hunde (2019). Evaluation of endod (Phytolacca dodecandra L.) extracts against Botrytis fabae, a causative agent of chocolate spot disease of Vicia faba. Cogent Food and Agriculture. 5:<\/p>\n49. Bulti Merga, <strong>Meseret C. Egigu<\/strong> and Mulatu Wakgari (2019). Reconsidering the economic and nutritional importance of faba bean in Ethiopian context. Cogent Food and Agriculture. 5:<br \/>\nOlyad Erba, Dereje Atomssa, \n50. <strong>Meseret C. Egigu <\/strong>and Teshome Gonfa (2019). Column<br \/>\nchromatographic fractionation and evaluation of in vitro antioxidant activity of flavonoid<br \/>\nenriched extracts of some selected citrus fruits peels. Ethiopian Journal of Science and Sustainable Development. 6:46-55.\n<p>51. Girma Woldemichael, <strong>Meseret C. Egigu<\/strong> and Anteneh Abebe (2018). Species diversity and use of homegardens in Misha Woreda, Hadiya Zone of the Southern Nations, Nationalities and Peoples Regional State, Ethiopia.International Journal of Food Science and Agriculture. 2:118-129.<\/p>\n52. Berihu Mengs, <strong>Meseret C. Egigu<\/strong> and Eyasu Abreha (2018). In vitro propagation of sweet<br \/>\npotato (Ipomoea batatas (L.) Lam. Through lateral bud culture. International Journal of<br \/>\nInnovative Pharmaceutical Sciences and Research.\n53. Tegegne Bayih, Amanuel Tamiru and <strong>Meseret C. Egigu<\/strong> (2108). Bioeffecay of unitary and<br \/>\nbinary botanical combinations against Mexican bean weevil, Zabrotes subfsciatus (Coleoptera, Chrysomelidae). International Journal of Tropical Insect Science. 38:205-215.\n54. Mulugeta Hailu Redae, <strong>Meseret C. Egigu<\/strong>, Teklit Gerbegiorgis Ambaye and Manikandan<br \/>\nMutsuwamy (2018). In vitro propagation of sugarcane (Saccharum officinarum L. Variety<br \/>\nC86-165 through apical meristem. Bicatal. Agric. Biotechnol. 14: 228-234.Elsevier\n55. Sudi Dawud, <strong>Meseret C. Egigu<\/strong> and Sasikumar JM. (2018). Floristic composition, structural<br \/>\nanalysis and regeneration status of woody species of Gemechis natural forest, west Hararge<br \/>\nzone, Oromia, Ethiopia. Journal of Natural Sciences research. 8:11-23.\n56. Misgana Lammi and <strong>Meseret C. Egigu <\/strong>(2017). Biogas production from co-digestion of poultry manure and orange peel through thermal pre-treatment. American Scientific Research Journal for<br \/>\nEngineering, Technology, and Sciences\n57. Misgana Lami, <strong>Meseret C. Egigu<\/strong> and Kiya Mesfin (2018). Biogas Energy. LAP LAMBERT<br \/>\nAcademic Publishing. Pp 88.\n<p><\/p>\n","protected":false},"excerpt":{"rendered":"<p>PROFILE CONTACT PHONE: +251-938652491 WEBSITE: EMAIL: Meseretc2019@yahoo.com Marakye311@gmail.com Meseret.Chimdessa@haramaya. edu.et ORCiD: 0000-0001-5474-1515 HOBBIES . HOBBIES \uf0fc Travelling and educational tour \uf0fc Listening to music \uf0fc Watching comedy shows . Research [&hellip;]<\/p>\n","protected":false},"author":6,"featured_media":0,"parent":0,"menu_order":0,"comment_status":"closed","ping_status":"closed","template":"","meta":{"_edd_button_behavior":[],"_oasis_is_in_workflow":0,"_oasis_original":0,"footnotes":""},"class_list":["post-2321","page","type-page","status-publish","hentry"],"_links":{"self":[{"href":"https:\/\/www.haramaya.edu.et\/cncs\/wp-json\/wp\/v2\/pages\/2321","targetHints":{"allow":["GET"]}}],"collection":[{"href":"https:\/\/www.haramaya.edu.et\/cncs\/wp-json\/wp\/v2\/pages"}],"about":[{"href":"https:\/\/www.haramaya.edu.et\/cncs\/wp-json\/wp\/v2\/types\/page"}],"author":[{"embeddable":true,"href":"https:\/\/www.haramaya.edu.et\/cncs\/wp-json\/wp\/v2\/users\/6"}],"replies":[{"embeddable":true,"href":"https:\/\/www.haramaya.edu.et\/cncs\/wp-json\/wp\/v2\/comments?post=2321"}],"version-history":[{"count":6,"href":"https:\/\/www.haramaya.edu.et\/cncs\/wp-json\/wp\/v2\/pages\/2321\/revisions"}],"predecessor-version":[{"id":2328,"href":"https:\/\/www.haramaya.edu.et\/cncs\/wp-json\/wp\/v2\/pages\/2321\/revisions\/2328"}],"wp:attachment":[{"href":"https:\/\/www.haramaya.edu.et\/cncs\/wp-json\/wp\/v2\/media?parent=2321"}],"curies":[{"name":"wp","href":"https:\/\/api.w.org\/{rel}","templated":true}]}}